er when 707282 is divided by 235653?
323
Calculate the remainder when 14692327 is divided by 441.
412
What is the remainder when 7591991 is divided by 68?
63
Calculate the remainder when 462401 is divided by 2359.
37
Calculate the remainder when 31540 is divided by 3451.
481
What is the remainder when 1292785 is divided by 3965?
195
Calculate the remainder when 4908228 is divided by 9512.
36
What is the remainder when 42880 is divided by 1789?
1733
Calculate the remainder when 44241626 is divided by 633.
623
Calculate the remainder when 215384 is divided by 83.
82
Calculate the remainder when 1768808 is divided by 884365.
78
Calculate the remainder when 4039878 is divided by 13074.
12
What is the remainder when 983922 is divided by 1874?
72
Calculate the remainder when 517826707 is divided by 83.
82
What is the remainder when 104423 is divided by 336?
263
What is the remainder when 9501017 is divided by 4845?
4817
What is the remainder when 1203770806 is divided by 108?
106
Calculate the remainder when 14653774 is divided by 145.
74
What is the remainder when 280534 is divided by 597?
541
Calculate the remainder when 1826489 is divided by 190.
19
Calculate the remainder when 339140 is divided by 919.
29
What is the remainder when 956107 is divided by 820?
807
Calculate the remainder when 559456 is divided by 55941.
46
Calculate the remainder when 255363019 is divided by 2530.
2529
What is the remainder when 400810587 is divided by 32?
27
What is the remainder when 23903175 is divided by 200?
175
What is the remainder when 695474 is divided by 19253?
2366
Calculate the remainder when 2126742190 is divided by 48.
46
What is the remainder when 10172402 is divided by 115?
77
Calculate the remainder when 35345 is divided by 525.
170
Calculate the remainder when 280762 is divided by 5970.
172
What is the remainder when 254033 is divided by 50649?
788
What is the remainder when 14732774 is divided by 8646?
8636
What is the remainder when 33454132 is divided by 14?
12
What is the remainder when 3039203 is divided by 7101?
7076
Calculate the remainder when 2169182 is divided by 402.
392
What is the remainder when 1602701 is divided by 423?
377
Calculate the remainder when 5216444 is divided by 37.
36
What is the remainder when 14496571 is divided by 365?
231
Calculate the remainder when 2615000 is divided by 14.
10
Calculate the remainder when 11672281 is divided by 501.
484
Calculate the remainder when 19858838 is divided by 173.
168
What is the remainder when 90582445 is divided by 169?
135
Calculate the remainder when 474675 is divided by 13957.
137
Calculate the remainder when 470366 is divided by 156780.
26
Calculate the remainder when 1022868 is divided by 87.
9
What is the remainder when 175210264 is divided by 282?
280
Calculate the remainder when 17868 is divided by 5845.
333
Calculate the remainder when 58122 is divided by 2384.
906
What is the remainder when 209183463 is divided by 12714?
21
Calculate the remainder when 236363 is divided by 58594.
1987
What is the remainder when 9409413 is divided by 147022?
5
What is the remainder when 6128450 is divided by 3130?
3040
Calculate the remainder when 72277 is divided by 8970.
517
Calculate the remainder when 293621 is divided by 2097.
41
What is the remainder when 13812135 is divided by 13812087?
48
Calculate the remainder when 1027367 is divided by 751.
750
What is the remainder when 28386 is divided by 9436?
78
What is the remainder when 10433265 is divided by 821?
818
Calculate the remainder when 17193657 is divided by 723.
717
What is the remainder when 4640553 is divided by 1546788?
189
What is the remainder when 233140 is divided by 42?
40
Calculate the remainder when 62351245 is divided by 29.
27
What is the remainder when 79409274 is divided by 187286?
10
What is the remainder when 697448 is divided by 970?
18
What is the remainder when 7660620 is divided by 225?
45
Calculate the remainder when 131781 is divided by 1072.
997
What is the remainder when 83091 is divided by 1240?
11
What is the remainder when 4185948 is divided by 307?
3
Calculate the remainder when 58425609 is divided by 146798.
5
Calculate the remainder when 11557961 is divided by 97.
23
Calculate the remainder when 691829 is divided by 18685.
484
Calculate the remainder when 3249616 is divided by 1951.
1201
Calculate the remainder when 200154232 is divided by 1849.
1831
Calculate the remainder when 4694429 is divided by 54584.
205
What is the remainder when 15282045 is divided by 23?
17
What is the remainder when 79258 is divided by 575?
483
What is the remainder when 111490 is divided by 636?
190
Calculate the remainder when 338990398 is divided by 531.
529
Calculate the remainder when 23831 is divided by 5604.
1415
What is the remainder when 22246 is divided by 1566?
322
What is the remainder when 41579161 is divided by 11?
8
Calculate the remainder when 95387 is divided by 44.
39
What is the remainder when 187111 is divided by 1450?
61
What is the remainder when 58627015 is divided by 145?
35
What is the remainder when 3338565 is divided by 94?
61
What is the remainder when 891437 is divided by 63672?
29
Calculate the remainder when 52831004 is divided by 864.
860
Calculate the remainder when 25623871 is divided by 8541285.
16
What is the remainder when 3341190 is divided by 835267?
122
What is the remainder when 5234775 is divided by 859?
29
Calculate the remainder when 22762710 is divided by 2529189.
9
What is the remainder when 497299 is divided by 152?
107
What is the remainder when 95823 is divided by 95802?
21
Calculate the remainder when 2534461 is divided by 52801.
13
Calculate the remainder when 5268267 is divided by 7109.
498
Calculate the remainder when 4985816 is divided by 315.
311
Calculate the remainder when 69565 is divided by 32999.
3567
Calculate the remainder when 323415 is divided by 1601.
13
Calculate the remainder when 468326 is divided by 466863.
1463
What is the remainder when 39752 is divided by 739?
585
What is the remainder when 4349755 is divided by 1840?
1835
Calculate the remainder when 113947 is divided by 3172.
2927
What is the remainder when 311253753 is divided by 160?
153
What is the remainder when 450225 is divided by 3335?
0
What is the remainder when 15632380 is divided by 5210661?
397
Calculate the remainder when 11570495 is divided by 503065.
0
What is the remainder when 61947025 is divided by 2927?
2924
What is the remainder when 34344 is divided by 34264?
80
What is the remainder when 4580059 is divided by 572507?
3
What is the remainder when 11631325 is divided by 4245?
25
Calculate the remainder when 5005006 is divided by 54.
16
What is the remainder when 79500 is divided by 947?
899
Calculate the remainder when 5068983 is divided by 17.
8
Calculate the remainder when 99357 is divided by 3908.
1657
What is the remainder when 79919151 is divided by 532?
515
What is the remainder when 157992 is divided by 37?
2
What is the remainder when 5445976 is divided by 99?
85
Calculate the remainder when 6825793 is divided by 3412685.
423
Calculate the remainder when 3499224 is divided by 6528.
216
Calculate the remainder when 1146826 is divided by 74.
48
Calculate the remainder when 124211 is divided by 1461.
26
What is the remainder when 25327596 is divided by 1273?
1261
Calculate the remainder when 53673087 is divided by 896.
895
What is the remainder when 647132369 is divided by 3910?
3909
Calculate the remainder when 141147 is divided by 140597.
550
Calculate the remainder when 24283684 is divided by 1574.
12
Calculate the remainder when 1101668 is divided by 129.
8
What is the remainder when 67439 is divided by 5080?
1399
What is the remainder when 70362 is divided by 10?
2
What is the remainder when 1397 is divided by 36?
29
What is the remainder when 7985443 is divided by 2661810?
13
What is the remainder when 8319701 is divided by 291?
11
Calculate the remainder when 416048390 is divided by 448328.
6
Calculate the remainder when 16283982 is divided by 14.
8
What is the remainder when 2835488 is divided by 3726?
2
Calculate the remainder when 447208 is divided by 11180.
8
What is the remainder when 37766238 is divided by 196?
174
Calculate the remainder when 1416419 is div